{"id":970,"date":"2018-11-14T13:09:13","date_gmt":"2018-11-14T11:09:13","guid":{"rendered":"http:\/\/wordpress.landal.sk\/?page_id=970"},"modified":"2018-11-14T15:06:45","modified_gmt":"2018-11-14T13:06:45","slug":"najazdove-rampy-metalmec","status":"publish","type":"page","link":"https:\/\/www.landal.sk\/index.php\/predaj\/najazdove-rampy-metalmec\/","title":{"rendered":"N\u00e1jazdov\u00e9 rampy"},"content":{"rendered":"\t\t<div data-elementor-type=\"wp-post\" data-elementor-id=\"970\" class=\"elementor elementor-970 elementor-bc-flex-widget\">\n\t\t\t\t\t\t<section class=\"elementor-section elementor-top-section elementor-element elementor-element-180d4def elementor-section-boxed elementor-section-height-default elementor-section-height-default\" data-id=\"180d4def\" data-element_type=\"section\" data-e-type=\"section\">\n\t\t\t\t\t\t<div class=\"elementor-container elementor-column-gap-default\">\n\t\t\t\t\t<div class=\"elementor-column elementor-col-33 elementor-top-column elementor-element elementor-element-2c94f6fc\" data-id=\"2c94f6fc\" data-element_type=\"column\" data-e-type=\"column\">\n\t\t\t<div class=\"elementor-widget-wrap elementor-element-populated\">\n\t\t\t\t\t\t<div class=\"elementor-element elementor-element-5d6217a1 elementor-position-top elementor-widget elementor-widget-image-box\" data-id=\"5d6217a1\" data-element_type=\"widget\" data-e-type=\"widget\" data-widget_type=\"image-box.default\">\n\t\t\t\t<div class=\"elementor-widget-container\">\n\t\t\t\t\t<div class=\"elementor-image-box-wrapper\"><figure class=\"elementor-image-box-img\"><a href=\"\/index.php\/najazdove-rampy-m070\/\" tabindex=\"-1\"><img fetchpriority=\"high\" decoding=\"async\" width=\"300\" height=\"225\" src=\"https:\/\/www.landal.sk\/wp-content\/uploads\/2018\/10\/M-070-300x225.jpg\" class=\"elementor-animation-grow attachment-medium size-medium wp-image-755\" alt=\"\" srcset=\"https:\/\/www.landal.sk\/wp-content\/uploads\/2018\/10\/M-070-300x225.jpg 300w, https:\/\/www.landal.sk\/wp-content\/uploads\/2018\/10\/M-070.jpg 600w\" sizes=\"(max-width: 300px) 100vw, 300px\" \/><\/a><\/figure><div class=\"elementor-image-box-content\"><h5 class=\"elementor-image-box-title\"><a href=\"\/index.php\/najazdove-rampy-m070\/\">N\u00e1jazdov\u00e9 rampy M070<\/a><\/h5><p class=\"elementor-image-box-description\">Maxim\u00e1lna nosnos\u0165 na p\u00e1r 3000kg<\/p><\/div><\/div>\t\t\t\t<\/div>\n\t\t\t\t<\/div>\n\t\t\t\t<div class=\"elementor-element elementor-element-9928a38 elementor-position-top elementor-widget elementor-widget-image-box\" data-id=\"9928a38\" data-element_type=\"widget\" data-e-type=\"widget\" data-widget_type=\"image-box.default\">\n\t\t\t\t<div class=\"elementor-widget-container\">\n\t\t\t\t\t<div class=\"elementor-image-box-wrapper\"><figure class=\"elementor-image-box-img\"><a href=\"\/index.php\/najazdove-rampy-m100\/\" tabindex=\"-1\"><img decoding=\"async\" width=\"300\" height=\"225\" src=\"https:\/\/www.landal.sk\/wp-content\/uploads\/2018\/10\/m100_jpg_600_450_cover_70-300x225.jpg\" class=\"elementor-animation-grow attachment-medium size-medium wp-image-884\" alt=\"\" srcset=\"https:\/\/www.landal.sk\/wp-content\/uploads\/2018\/10\/m100_jpg_600_450_cover_70-300x225.jpg 300w, https:\/\/www.landal.sk\/wp-content\/uploads\/2018\/10\/m100_jpg_600_450_cover_70.jpg 600w\" sizes=\"(max-width: 300px) 100vw, 300px\" \/><\/a><\/figure><div class=\"elementor-image-box-content\"><h5 class=\"elementor-image-box-title\"><a href=\"\/index.php\/najazdove-rampy-m100\/\">N\u00e1jazdov\u00e9 rampy M100<\/a><\/h5><p class=\"elementor-image-box-description\">Maxim\u00e1lna nosnos\u0165 na p\u00e1r 3500kg<\/p><\/div><\/div>\t\t\t\t<\/div>\n\t\t\t\t<\/div>\n\t\t\t\t<div class=\"elementor-element elementor-element-14b228e elementor-position-top elementor-widget elementor-widget-image-box\" data-id=\"14b228e\" data-element_type=\"widget\" data-e-type=\"widget\" data-widget_type=\"image-box.default\">\n\t\t\t\t<div class=\"elementor-widget-container\">\n\t\t\t\t\t<div class=\"elementor-image-box-wrapper\"><figure class=\"elementor-image-box-img\"><a href=\"\/index.php\/najazdove-rampy-m140\/\" tabindex=\"-1\"><img decoding=\"async\" width=\"300\" height=\"225\" src=\"https:\/\/www.landal.sk\/wp-content\/uploads\/2018\/11\/m140_jpg_600_450_cover_70-300x225.jpg\" class=\"elementor-animation-grow attachment-medium size-medium wp-image-914\" alt=\"\" srcset=\"https:\/\/www.landal.sk\/wp-content\/uploads\/2018\/11\/m140_jpg_600_450_cover_70-300x225.jpg 300w, https:\/\/www.landal.sk\/wp-content\/uploads\/2018\/11\/m140_jpg_600_450_cover_70.jpg 600w\" sizes=\"(max-width: 300px) 100vw, 300px\" \/><\/a><\/figure><div class=\"elementor-image-box-content\"><h5 class=\"elementor-image-box-title\"><a href=\"\/index.php\/najazdove-rampy-m140\/\">N\u00e1jazdov\u00e9 rampy M140<\/a><\/h5><p class=\"elementor-image-box-description\">Maxim\u00e1lna nosnos\u0165 na p\u00e1r 5500kg<\/p><\/div><\/div>\t\t\t\t<\/div>\n\t\t\t\t<\/div>\n\t\t\t\t<div class=\"elementor-element elementor-element-f9aab68 elementor-position-top elementor-widget elementor-widget-image-box\" data-id=\"f9aab68\" data-element_type=\"widget\" data-e-type=\"widget\" data-widget_type=\"image-box.default\">\n\t\t\t\t<div class=\"elementor-widget-container\">\n\t\t\t\t\t<div class=\"elementor-image-box-wrapper\"><figure class=\"elementor-image-box-img\"><a href=\"\/index.php\/najazdove-rampy-m170-m185\/\" tabindex=\"-1\"><img loading=\"lazy\" decoding=\"async\" width=\"300\" height=\"225\" src=\"https:\/\/www.landal.sk\/wp-content\/uploads\/2018\/11\/m170-m185_jpg_600_450_cover_70-300x225.jpg\" class=\"elementor-animation-grow attachment-medium size-medium wp-image-951\" alt=\"\" srcset=\"https:\/\/www.landal.sk\/wp-content\/uploads\/2018\/11\/m170-m185_jpg_600_450_cover_70-300x225.jpg 300w, https:\/\/www.landal.sk\/wp-content\/uploads\/2018\/11\/m170-m185_jpg_600_450_cover_70.jpg 600w\" sizes=\"(max-width: 300px) 100vw, 300px\" \/><\/a><\/figure><div class=\"elementor-image-box-content\"><h5 class=\"elementor-image-box-title\"><a href=\"\/index.php\/najazdove-rampy-m170-m185\/\">N\u00e1jazdov\u00e9 rampy M170-M185<\/a><\/h5><p class=\"elementor-image-box-description\">Maxim\u00e1lna nosnos\u0165 na p\u00e1r 10000kg<\/p><\/div><\/div>\t\t\t\t<\/div>\n\t\t\t\t<\/div>\n\t\t\t\t\t<\/div>\n\t\t<\/div>\n\t\t\t\t<div class=\"elementor-column elementor-col-33 elementor-top-column elementor-element elementor-element-58264f76\" data-id=\"58264f76\" data-element_type=\"column\" data-e-type=\"column\">\n\t\t\t<div class=\"elementor-widget-wrap elementor-element-populated\">\n\t\t\t\t\t\t<div class=\"elementor-element elementor-element-21f3b480 elementor-position-top elementor-widget elementor-widget-image-box\" data-id=\"21f3b480\" data-element_type=\"widget\" data-e-type=\"widget\" data-widget_type=\"image-box.default\">\n\t\t\t\t<div class=\"elementor-widget-container\">\n\t\t\t\t\t<div class=\"elementor-image-box-wrapper\"><figure class=\"elementor-image-box-img\"><a href=\"\/index.php\/najazdove-rampy-m080\/\" tabindex=\"-1\"><img loading=\"lazy\" decoding=\"async\" width=\"300\" height=\"225\" src=\"https:\/\/www.landal.sk\/wp-content\/uploads\/2018\/10\/m080_jpg_600_450_cover_70-300x225.jpg\" class=\"elementor-animation-grow attachment-medium size-medium wp-image-865\" alt=\"\" srcset=\"https:\/\/www.landal.sk\/wp-content\/uploads\/2018\/10\/m080_jpg_600_450_cover_70-300x225.jpg 300w, https:\/\/www.landal.sk\/wp-content\/uploads\/2018\/10\/m080_jpg_600_450_cover_70.jpg 600w\" sizes=\"(max-width: 300px) 100vw, 300px\" \/><\/a><\/figure><div class=\"elementor-image-box-content\"><h5 class=\"elementor-image-box-title\"><a href=\"\/index.php\/najazdove-rampy-m080\/\">N\u00e1jazdov\u00e9 rampy M080<\/a><\/h5><p class=\"elementor-image-box-description\">Maxim\u00e1lna nosnos\u0165 na p\u00e1r 3000kg\u200b<\/p><\/div><\/div>\t\t\t\t<\/div>\n\t\t\t\t<\/div>\n\t\t\t\t<div class=\"elementor-element elementor-element-4ed7e5c elementor-position-top elementor-widget elementor-widget-image-box\" data-id=\"4ed7e5c\" data-element_type=\"widget\" data-e-type=\"widget\" data-widget_type=\"image-box.default\">\n\t\t\t\t<div class=\"elementor-widget-container\">\n\t\t\t\t\t<div class=\"elementor-image-box-wrapper\"><figure class=\"elementor-image-box-img\"><a href=\"\/index.php\/najazdove-rampy-m115\/\" tabindex=\"-1\"><img loading=\"lazy\" decoding=\"async\" width=\"300\" height=\"225\" src=\"https:\/\/www.landal.sk\/wp-content\/uploads\/2018\/10\/m115_jpg_600_450_cover_70-300x225.jpg\" class=\"elementor-animation-grow attachment-medium size-medium wp-image-892\" alt=\"\" srcset=\"https:\/\/www.landal.sk\/wp-content\/uploads\/2018\/10\/m115_jpg_600_450_cover_70-300x225.jpg 300w, https:\/\/www.landal.sk\/wp-content\/uploads\/2018\/10\/m115_jpg_600_450_cover_70.jpg 600w\" sizes=\"(max-width: 300px) 100vw, 300px\" \/><\/a><\/figure><div class=\"elementor-image-box-content\"><h5 class=\"elementor-image-box-title\"><a href=\"\/index.php\/najazdove-rampy-m115\/\">N\u00e1jazdov\u00e9 rampy M115<\/a><\/h5><p class=\"elementor-image-box-description\">Maxim\u00e1lna nosnos\u0165 na p\u00e1r 4000kg\u200b<\/p><\/div><\/div>\t\t\t\t<\/div>\n\t\t\t\t<\/div>\n\t\t\t\t<div class=\"elementor-element elementor-element-f047276 elementor-position-top elementor-widget elementor-widget-image-box\" data-id=\"f047276\" data-element_type=\"widget\" data-e-type=\"widget\" data-widget_type=\"image-box.default\">\n\t\t\t\t<div class=\"elementor-widget-container\">\n\t\t\t\t\t<div class=\"elementor-image-box-wrapper\"><figure class=\"elementor-image-box-img\"><a href=\"\/index.php\/najazdove-rampy-m150\/\" tabindex=\"-1\"><img loading=\"lazy\" decoding=\"async\" width=\"300\" height=\"225\" src=\"https:\/\/www.landal.sk\/wp-content\/uploads\/2018\/11\/m150_jpg_600_450_cover_70-300x225.jpg\" class=\"elementor-animation-grow attachment-medium size-medium wp-image-929\" alt=\"\" srcset=\"https:\/\/www.landal.sk\/wp-content\/uploads\/2018\/11\/m150_jpg_600_450_cover_70-300x225.jpg 300w, https:\/\/www.landal.sk\/wp-content\/uploads\/2018\/11\/m150_jpg_600_450_cover_70.jpg 600w\" sizes=\"(max-width: 300px) 100vw, 300px\" \/><\/a><\/figure><div class=\"elementor-image-box-content\"><h5 class=\"elementor-image-box-title\"><a href=\"\/index.php\/najazdove-rampy-m150\/\">N\u00e1jazdov\u00e9 rampy M150<\/a><\/h5><p class=\"elementor-image-box-description\">Maxim\u00e1lna nosnos\u0165 na p\u00e1r 6000kg\u200b<\/p><\/div><\/div>\t\t\t\t<\/div>\n\t\t\t\t<\/div>\n\t\t\t\t<div class=\"elementor-element elementor-element-1bd8190 elementor-position-top elementor-widget elementor-widget-image-box\" data-id=\"1bd8190\" data-element_type=\"widget\" data-e-type=\"widget\" data-widget_type=\"image-box.default\">\n\t\t\t\t<div class=\"elementor-widget-container\">\n\t\t\t\t\t<div class=\"elementor-image-box-wrapper\"><figure class=\"elementor-image-box-img\"><a href=\"\/index.php\/najazdove-rampy-m200\/\" tabindex=\"-1\"><img loading=\"lazy\" decoding=\"async\" width=\"300\" height=\"225\" src=\"https:\/\/www.landal.sk\/wp-content\/uploads\/2018\/11\/m200_jpg_600_450_cover_70-300x225.jpg\" class=\"elementor-animation-grow attachment-medium size-medium wp-image-959\" alt=\"\" srcset=\"https:\/\/www.landal.sk\/wp-content\/uploads\/2018\/11\/m200_jpg_600_450_cover_70-300x225.jpg 300w, https:\/\/www.landal.sk\/wp-content\/uploads\/2018\/11\/m200_jpg_600_450_cover_70.jpg 600w\" sizes=\"(max-width: 300px) 100vw, 300px\" \/><\/a><\/figure><div class=\"elementor-image-box-content\"><h5 class=\"elementor-image-box-title\"><a href=\"\/index.php\/najazdove-rampy-m200\/\">N\u00e1jazdov\u00e9 rampy M200<\/a><\/h5><p class=\"elementor-image-box-description\">Maxim\u00e1lna nosnos\u0165 na p\u00e1r 12000kg\u200b<\/p><\/div><\/div>\t\t\t\t<\/div>\n\t\t\t\t<\/div>\n\t\t\t\t\t<\/div>\n\t\t<\/div>\n\t\t\t\t<div class=\"elementor-column elementor-col-33 elementor-top-column elementor-element elementor-element-48763106\" data-id=\"48763106\" data-element_type=\"column\" data-e-type=\"column\">\n\t\t\t<div class=\"elementor-widget-wrap elementor-element-populated\">\n\t\t\t\t\t\t<div class=\"elementor-element elementor-element-870a1ce elementor-position-top elementor-widget elementor-widget-image-box\" data-id=\"870a1ce\" data-element_type=\"widget\" data-e-type=\"widget\" data-widget_type=\"image-box.default\">\n\t\t\t\t<div class=\"elementor-widget-container\">\n\t\t\t\t\t<div class=\"elementor-image-box-wrapper\"><figure class=\"elementor-image-box-img\"><a href=\"\/index.php\/najazdove-rampy-m075\/\" tabindex=\"-1\"><img loading=\"lazy\" decoding=\"async\" width=\"300\" height=\"225\" src=\"https:\/\/www.landal.sk\/wp-content\/uploads\/2018\/10\/m075_jpg_600_450_cover_70-300x225.jpg\" class=\"elementor-animation-grow attachment-medium size-medium wp-image-876\" alt=\"\" srcset=\"https:\/\/www.landal.sk\/wp-content\/uploads\/2018\/10\/m075_jpg_600_450_cover_70-300x225.jpg 300w, https:\/\/www.landal.sk\/wp-content\/uploads\/2018\/10\/m075_jpg_600_450_cover_70.jpg 600w\" sizes=\"(max-width: 300px) 100vw, 300px\" \/><\/a><\/figure><div class=\"elementor-image-box-content\"><h5 class=\"elementor-image-box-title\"><a href=\"\/index.php\/najazdove-rampy-m075\/\">N\u00e1jazdov\u00e9 rampy M075<\/a><\/h5><p class=\"elementor-image-box-description\">Maxim\u00e1lna nosnos\u0165 na p\u00e1r 3500kg\u200b<\/p><\/div><\/div>\t\t\t\t<\/div>\n\t\t\t\t<\/div>\n\t\t\t\t<div class=\"elementor-element elementor-element-61a2d2d elementor-position-top elementor-widget elementor-widget-image-box\" data-id=\"61a2d2d\" data-element_type=\"widget\" data-e-type=\"widget\" data-widget_type=\"image-box.default\">\n\t\t\t\t<div class=\"elementor-widget-container\">\n\t\t\t\t\t<div class=\"elementor-image-box-wrapper\"><figure class=\"elementor-image-box-img\"><a href=\"\/index.php\/najazdove-rampy-m125\/\" tabindex=\"-1\"><img loading=\"lazy\" decoding=\"async\" width=\"300\" height=\"225\" src=\"https:\/\/www.landal.sk\/wp-content\/uploads\/2018\/10\/m125_jpg_600_450_cover_70-300x225.jpg\" class=\"elementor-animation-grow attachment-medium size-medium wp-image-901\" alt=\"\" srcset=\"https:\/\/www.landal.sk\/wp-content\/uploads\/2018\/10\/m125_jpg_600_450_cover_70-300x225.jpg 300w, https:\/\/www.landal.sk\/wp-content\/uploads\/2018\/10\/m125_jpg_600_450_cover_70.jpg 600w\" sizes=\"(max-width: 300px) 100vw, 300px\" \/><\/a><\/figure><div class=\"elementor-image-box-content\"><h5 class=\"elementor-image-box-title\"><a href=\"\/index.php\/najazdove-rampy-m125\/\">N\u00e1jazdov\u00e9 rampy M125<\/a><\/h5><p class=\"elementor-image-box-description\">Maxim\u00e1lna nosnos\u0165 na p\u00e1r 4500kg\u200b<\/p><\/div><\/div>\t\t\t\t<\/div>\n\t\t\t\t<\/div>\n\t\t\t\t<div class=\"elementor-element elementor-element-82e0644 elementor-position-top elementor-widget elementor-widget-image-box\" data-id=\"82e0644\" data-element_type=\"widget\" data-e-type=\"widget\" data-widget_type=\"image-box.default\">\n\t\t\t\t<div class=\"elementor-widget-container\">\n\t\t\t\t\t<div class=\"elementor-image-box-wrapper\"><figure class=\"elementor-image-box-img\"><a href=\"\/index.php\/najazdove-rampy-m165\/\" tabindex=\"-1\"><img loading=\"lazy\" decoding=\"async\" width=\"300\" height=\"225\" src=\"https:\/\/www.landal.sk\/wp-content\/uploads\/2018\/11\/m165_jpg_600_450_cover_70-300x225.jpg\" class=\"elementor-animation-grow attachment-medium size-medium wp-image-938\" alt=\"\" srcset=\"https:\/\/www.landal.sk\/wp-content\/uploads\/2018\/11\/m165_jpg_600_450_cover_70-300x225.jpg 300w, https:\/\/www.landal.sk\/wp-content\/uploads\/2018\/11\/m165_jpg_600_450_cover_70.jpg 600w\" sizes=\"(max-width: 300px) 100vw, 300px\" \/><\/a><\/figure><div class=\"elementor-image-box-content\"><h5 class=\"elementor-image-box-title\"><a href=\"\/index.php\/najazdove-rampy-m165\/\">N\u00e1jazdov\u00e9 rampy M165<\/a><\/h5><p class=\"elementor-image-box-description\">Maxim\u00e1lna nosnos\u0165 na p\u00e1r 6385kg\u200b<\/p><\/div><\/div>\t\t\t\t<\/div>\n\t\t\t\t<\/div>\n\t\t\t\t<div class=\"elementor-element elementor-element-7af0248 elementor-position-top elementor-widget elementor-widget-image-box\" data-id=\"7af0248\" data-element_type=\"widget\" data-e-type=\"widget\" data-widget_type=\"image-box.default\">\n\t\t\t\t<div class=\"elementor-widget-container\">\n\t\t\t\t\t<div class=\"elementor-image-box-wrapper\"><figure class=\"elementor-image-box-img\"><a href=\"\/index.php\/najazdove-rampy-m230\/\" tabindex=\"-1\"><img loading=\"lazy\" decoding=\"async\" width=\"300\" height=\"225\" src=\"https:\/\/www.landal.sk\/wp-content\/uploads\/2018\/11\/m230_jpg_600_450_cover_70-300x225.jpg\" class=\"elementor-animation-grow attachment-medium size-medium wp-image-967\" alt=\"\" srcset=\"https:\/\/www.landal.sk\/wp-content\/uploads\/2018\/11\/m230_jpg_600_450_cover_70-300x225.jpg 300w, https:\/\/www.landal.sk\/wp-content\/uploads\/2018\/11\/m230_jpg_600_450_cover_70.jpg 600w\" sizes=\"(max-width: 300px) 100vw, 300px\" \/><\/a><\/figure><div class=\"elementor-image-box-content\"><h5 class=\"elementor-image-box-title\"><a href=\"\/index.php\/najazdove-rampy-m230\/\">N\u00e1jazdov\u00e9 rampy M230<\/a><\/h5><p class=\"elementor-image-box-description\">Maxim\u00e1lna nosnos\u0165 na p\u00e1r 14000 kg\u200b<\/p><\/div><\/div>\t\t\t\t<\/div>\n\t\t\t\t<\/div>\n\t\t\t\t\t<\/div>\n\t\t<\/div>\n\t\t\t\t\t<\/div>\n\t\t<\/section>\n\t\t\t\t<\/div>\n\t\t","protected":false},"excerpt":{"rendered":"<p>N\u00e1jazdov\u00e9 rampy M070 Maxim\u00e1lna nosnos\u0165 na p\u00e1r 3000kg N\u00e1jazdov\u00e9 rampy M100 Maxim\u00e1lna nosnos\u0165 na p\u00e1r 3500kg N\u00e1jazdov\u00e9 rampy M140 Maxim\u00e1lna nosnos\u0165 na p\u00e1r 5500kg N\u00e1jazdov\u00e9 rampy M170-M185 Maxim\u00e1lna nosnos\u0165 na p\u00e1r 10000kg N\u00e1jazdov\u00e9 rampy M080 Maxim\u00e1lna nosnos\u0165 na p\u00e1r 3000kg\u200b N\u00e1jazdov\u00e9 rampy M115 Maxim\u00e1lna nosnos\u0165 na p\u00e1r 4000kg\u200b N\u00e1jazdov\u00e9 rampy M150 Maxim\u00e1lna nosnos\u0165 na p\u00e1r &hellip; <\/p>\n<p class=\"link-more\"><a href=\"https:\/\/www.landal.sk\/index.php\/predaj\/najazdove-rampy-metalmec\/\" class=\"more-link\">Pokra\u010dova\u0165 v \u010d\u00edtan\u00ed<span class=\"screen-reader-text\"> &#8222;N\u00e1jazdov\u00e9 rampy&#8220;<\/span><\/a><\/p>\n","protected":false},"author":1,"featured_media":0,"parent":61,"menu_order":0,"comment_status":"closed","ping_status":"closed","template":"","meta":{"footnotes":""},"class_list":["post-970","page","type-page","status-publish","hentry"],"_links":{"self":[{"href":"https:\/\/www.landal.sk\/index.php\/wp-json\/wp\/v2\/pages\/970","targetHints":{"allow":["GET"]}}],"collection":[{"href":"https:\/\/www.landal.sk\/index.php\/wp-json\/wp\/v2\/pages"}],"about":[{"href":"https:\/\/www.landal.sk\/index.php\/wp-json\/wp\/v2\/types\/page"}],"author":[{"embeddable":true,"href":"https:\/\/www.landal.sk\/index.php\/wp-json\/wp\/v2\/users\/1"}],"replies":[{"embeddable":true,"href":"https:\/\/www.landal.sk\/index.php\/wp-json\/wp\/v2\/comments?post=970"}],"version-history":[{"count":10,"href":"https:\/\/www.landal.sk\/index.php\/wp-json\/wp\/v2\/pages\/970\/revisions"}],"predecessor-version":[{"id":994,"href":"https:\/\/www.landal.sk\/index.php\/wp-json\/wp\/v2\/pages\/970\/revisions\/994"}],"up":[{"embeddable":true,"href":"https:\/\/www.landal.sk\/index.php\/wp-json\/wp\/v2\/pages\/61"}],"wp:attachment":[{"href":"https:\/\/www.landal.sk\/index.php\/wp-json\/wp\/v2\/media?parent=970"}],"curies":[{"name":"wp","href":"https:\/\/api.w.org\/{rel}","templated":true}]}}