{"id":7,"date":"2018-05-17T15:04:41","date_gmt":"2018-05-17T15:04:41","guid":{"rendered":"http:\/\/wordpress.landal.sk\/?page_id=7"},"modified":"2022-01-17T10:39:14","modified_gmt":"2022-01-17T08:39:14","slug":"uvodna-stranka","status":"publish","type":"page","link":"https:\/\/www.landal.sk\/","title":{"rendered":"\u00davodn\u00e1 str\u00e1nka"},"content":{"rendered":"\t\t<div data-elementor-type=\"wp-post\" data-elementor-id=\"7\" class=\"elementor elementor-7\">\n\t\t\t\t\t\t<section class=\"elementor-section elementor-top-section elementor-element elementor-element-48d48687 elementor-section-stretched elementor-section-boxed elementor-section-height-default elementor-section-height-default\" data-id=\"48d48687\" data-element_type=\"section\" data-e-type=\"section\" data-settings=\"{&quot;stretch_section&quot;:&quot;section-stretched&quot;}\">\n\t\t\t\t\t\t<div class=\"elementor-container elementor-column-gap-default\">\n\t\t\t\t\t<div class=\"elementor-column elementor-col-20 elementor-top-column elementor-element elementor-element-3a2e5c13\" data-id=\"3a2e5c13\" data-element_type=\"column\" data-e-type=\"column\">\n\t\t\t<div class=\"elementor-widget-wrap elementor-element-populated\">\n\t\t\t\t\t\t<div class=\"elementor-element elementor-element-75b6670 elementor-position-top elementor-widget elementor-widget-image-box\" data-id=\"75b6670\" data-element_type=\"widget\" data-e-type=\"widget\" data-widget_type=\"image-box.default\">\n\t\t\t\t<div class=\"elementor-widget-container\">\n\t\t\t\t\t<div class=\"elementor-image-box-wrapper\"><figure class=\"elementor-image-box-img\"><a href=\"index.php\/predaj\/\" tabindex=\"-1\"><img fetchpriority=\"high\" decoding=\"async\" width=\"300\" height=\"225\" src=\"http:\/\/www.landal.sk\/wp-content\/uploads\/2018\/06\/100_0292-300x225.jpg\" class=\"elementor-animation-grow attachment-medium size-medium wp-image-182\" alt=\"\" srcset=\"https:\/\/www.landal.sk\/wp-content\/uploads\/2018\/06\/100_0292-300x225.jpg 300w, https:\/\/www.landal.sk\/wp-content\/uploads\/2018\/06\/100_0292-768x576.jpg 768w, https:\/\/www.landal.sk\/wp-content\/uploads\/2018\/06\/100_0292-1024x768.jpg 1024w\" sizes=\"(max-width: 300px) 100vw, 300px\" \/><\/a><\/figure><div class=\"elementor-image-box-content\"><h5 class=\"elementor-image-box-title\"><a href=\"index.php\/predaj\/\">Predaj stavebnej a demola\u010dnej mechaniz\u00e1cie a n\u00e1hradn\u00fdch dielov.<\/a><\/h5><p class=\"elementor-image-box-description\">-hydraulick\u00fdch klad\u00edv,<br>-demola\u010dn\u00fdch klie\u0161t\u00ed,<br>-r\u00fdchloup\u00edna\u010dov,<br>-n\u00e1strojov do hydr. klad\u00edv, <br>-n\u00e1jazdov\u00fdch r\u00e1mp,<br>-gumen\u00fdch p\u00e1sov,<br>-britov,<br>-zubov,<br>-podvozk. dielov,<br>-pr\u00eddavn\u00fdch zariaden\u00ed...<\/p><\/div><\/div>\t\t\t\t<\/div>\n\t\t\t\t<\/div>\n\t\t\t\t\t<\/div>\n\t\t<\/div>\n\t\t\t\t<div class=\"elementor-column elementor-col-20 elementor-top-column elementor-element elementor-element-0bfff50\" data-id=\"0bfff50\" data-element_type=\"column\" data-e-type=\"column\">\n\t\t\t<div class=\"elementor-widget-wrap elementor-element-populated\">\n\t\t\t\t\t\t<div class=\"elementor-element elementor-element-06745c6 elementor-position-top elementor-widget elementor-widget-image-box\" data-id=\"06745c6\" data-element_type=\"widget\" data-e-type=\"widget\" data-widget_type=\"image-box.default\">\n\t\t\t\t<div class=\"elementor-widget-container\">\n\t\t\t\t\t<div class=\"elementor-image-box-wrapper\"><figure class=\"elementor-image-box-img\"><a href=\"index.php\/servis\/\" tabindex=\"-1\"><img decoding=\"async\" width=\"300\" height=\"225\" src=\"http:\/\/www.landal.sk\/wp-content\/uploads\/2018\/06\/IMG_20180606_083735-e1530524214647-300x225.jpg\" class=\"elementor-animation-grow attachment-medium size-medium wp-image-183\" alt=\"\" srcset=\"https:\/\/www.landal.sk\/wp-content\/uploads\/2018\/06\/IMG_20180606_083735-e1530524214647-300x225.jpg 300w, https:\/\/www.landal.sk\/wp-content\/uploads\/2018\/06\/IMG_20180606_083735-e1530524214647-768x576.jpg 768w, https:\/\/www.landal.sk\/wp-content\/uploads\/2018\/06\/IMG_20180606_083735-e1530524214647-1024x768.jpg 1024w\" sizes=\"(max-width: 300px) 100vw, 300px\" \/><\/a><\/figure><div class=\"elementor-image-box-content\"><h5 class=\"elementor-image-box-title\"><a href=\"index.php\/servis\/\">Opravy, \u00fapravy, prestavby a servis.<\/a><\/h5><p class=\"elementor-image-box-description\">-hydraulick\u00fdch klad\u00edv,<br>-demola\u010dn\u00fdch klie\u0161t\u00ed,<br>-ly\u017e\u00edc, lop\u00e1t, radl\u00edc a rozr\u00edvac\u00edch h\u00e1kov,<br>-n\u00e1sad a v\u00fdlo\u017en\u00edkov,<br>-adapt\u00e9rov,<br>-hydraulick\u00fdch v\u00e1lcov,<br>-n\u00e1jazdov\u00fdch r\u00e1mp...<\/p><\/div><\/div>\t\t\t\t<\/div>\n\t\t\t\t<\/div>\n\t\t\t\t\t<\/div>\n\t\t<\/div>\n\t\t\t\t<div class=\"elementor-column elementor-col-20 elementor-top-column elementor-element elementor-element-ce993b7\" data-id=\"ce993b7\" data-element_type=\"column\" data-e-type=\"column\">\n\t\t\t<div class=\"elementor-widget-wrap elementor-element-populated\">\n\t\t\t\t\t\t<div class=\"elementor-element elementor-element-7f8985f elementor-position-top elementor-widget elementor-widget-image-box\" data-id=\"7f8985f\" data-element_type=\"widget\" data-e-type=\"widget\" data-widget_type=\"image-box.default\">\n\t\t\t\t<div class=\"elementor-widget-container\">\n\t\t\t\t\t<div class=\"elementor-image-box-wrapper\"><figure class=\"elementor-image-box-img\"><a href=\"index.php\/strojarska-vyroba\/\" tabindex=\"-1\"><img decoding=\"async\" width=\"300\" height=\"225\" src=\"http:\/\/www.landal.sk\/wp-content\/uploads\/2018\/06\/IMG_20180622_094019-300x225.jpg\" class=\"elementor-animation-grow attachment-medium size-medium wp-image-184\" alt=\"\" srcset=\"https:\/\/www.landal.sk\/wp-content\/uploads\/2018\/06\/IMG_20180622_094019-300x225.jpg 300w, https:\/\/www.landal.sk\/wp-content\/uploads\/2018\/06\/IMG_20180622_094019-768x576.jpg 768w, https:\/\/www.landal.sk\/wp-content\/uploads\/2018\/06\/IMG_20180622_094019-1024x768.jpg 1024w\" sizes=\"(max-width: 300px) 100vw, 300px\" \/><\/a><\/figure><div class=\"elementor-image-box-content\"><h5 class=\"elementor-image-box-title\"><a href=\"index.php\/strojarska-vyroba\/\">Stroj\u00e1rska v\u00fdroba.<\/a><\/h5><p class=\"elementor-image-box-description\">-v\u00fdroba tepelne spracovan\u00fdch dielov, <br>-oteruvzdorn\u00fdch,<br>-v\u00fdroba dielov pre stavebn\u00fa a po\u013enohospod\u00e1rsku mechaniz\u00e1ciu...<\/p><\/div><\/div>\t\t\t\t<\/div>\n\t\t\t\t<\/div>\n\t\t\t\t\t<\/div>\n\t\t<\/div>\n\t\t\t\t<div class=\"elementor-column elementor-col-20 elementor-top-column elementor-element elementor-element-375cf21\" data-id=\"375cf21\" data-element_type=\"column\" data-e-type=\"column\">\n\t\t\t<div class=\"elementor-widget-wrap\">\n\t\t\t\t\t\t\t<\/div>\n\t\t<\/div>\n\t\t\t\t<div class=\"elementor-column elementor-col-20 elementor-top-column elementor-element elementor-element-66fd2fa\" data-id=\"66fd2fa\" data-element_type=\"column\" data-e-type=\"column\">\n\t\t\t<div class=\"elementor-widget-wrap elementor-element-populated\">\n\t\t\t\t\t\t<div class=\"elementor-element elementor-element-1a72606 elementor-widget elementor-widget-wp-widget-recent-posts\" data-id=\"1a72606\" data-element_type=\"widget\" data-e-type=\"widget\" data-widget_type=\"wp-widget-recent-posts.default\">\n\t\t\t\t<div class=\"elementor-widget-container\">\n\t\t\t\t\t\n\t\t\n\t\t<h5>Novinky<\/h5><nav aria-label=\"Novinky\">\n\t\t<ul>\n\t\t\t\t\t\t\t\t\t\t\t<li>\n\t\t\t\t\t<a href=\"https:\/\/www.landal.sk\/index.php\/2021\/11\/05\/mantovanibenne-ms28r-uz-v-prevadzke\/\">MANTOVANIBENNE MS28R u\u017e v prev\u00e1dzke<\/a>\n\t\t\t\t\t\t\t\t\t\t\t<span class=\"post-date\">5 novembra, 2021<\/span>\n\t\t\t\t\t\t\t\t\t<\/li>\n\t\t\t\t\t\t\t\t\t\t\t<li>\n\t\t\t\t\t<a href=\"https:\/\/www.landal.sk\/index.php\/2021\/10\/22\/kladivo-hammer-sb-200-pre-cat-303ccr\/\">Kladivo HAMMER SB 200 pre CAT 303Ccr<\/a>\n\t\t\t\t\t\t\t\t\t\t\t<span class=\"post-date\">22 okt\u00f3bra, 2021<\/span>\n\t\t\t\t\t\t\t\t\t<\/li>\n\t\t\t\t\t\t\t\t\t\t\t<li>\n\t\t\t\t\t<a href=\"https:\/\/www.landal.sk\/index.php\/2021\/07\/12\/vistarini-vhx151s-uz-je-v-kufri\/\">VISTARINI VHX151S u\u017e je v kufri.<\/a>\n\t\t\t\t\t\t\t\t\t\t\t<span class=\"post-date\">12 j\u00fala, 2021<\/span>\n\t\t\t\t\t\t\t\t\t<\/li>\n\t\t\t\t\t\t\t\t\t\t\t<li>\n\t\t\t\t\t<a href=\"https:\/\/www.landal.sk\/index.php\/2021\/05\/07\/243\/\">Kladivo TM125 pre JCB 3CX<\/a>\n\t\t\t\t\t\t\t\t\t\t\t<span class=\"post-date\">7 m\u00e1ja, 2021<\/span>\n\t\t\t\t\t\t\t\t\t<\/li>\n\t\t\t\t\t<\/ul>\n\n\t\t<\/nav>\t\t\t\t<\/div>\n\t\t\t\t<\/div>\n\t\t\t\t\t<\/div>\n\t\t<\/div>\n\t\t\t\t\t<\/div>\n\t\t<\/section>\n\t\t\t\t<\/div>\n\t\t","protected":false},"excerpt":{"rendered":"<p>Predaj stavebnej a demola\u010dnej mechaniz\u00e1cie a n\u00e1hradn\u00fdch dielov. -hydraulick\u00fdch klad\u00edv,-demola\u010dn\u00fdch klie\u0161t\u00ed,-r\u00fdchloup\u00edna\u010dov,-n\u00e1strojov do hydr. klad\u00edv, -n\u00e1jazdov\u00fdch r\u00e1mp,-gumen\u00fdch p\u00e1sov,-britov,-zubov,-podvozk. dielov,-pr\u00eddavn\u00fdch zariaden\u00ed&#8230; Opravy, \u00fapravy, prestavby a servis. -hydraulick\u00fdch klad\u00edv,-demola\u010dn\u00fdch klie\u0161t\u00ed,-ly\u017e\u00edc, lop\u00e1t, radl\u00edc a rozr\u00edvac\u00edch h\u00e1kov,-n\u00e1sad a v\u00fdlo\u017en\u00edkov,-adapt\u00e9rov,-hydraulick\u00fdch v\u00e1lcov,-n\u00e1jazdov\u00fdch r\u00e1mp&#8230; Stroj\u00e1rska v\u00fdroba. -v\u00fdroba tepelne spracovan\u00fdch dielov, -oteruvzdorn\u00fdch,-v\u00fdroba dielov pre stavebn\u00fa a po\u013enohospod\u00e1rsku mechaniz\u00e1ciu&#8230;<\/p>\n","protected":false},"author":1,"featured_media":0,"parent":0,"menu_order":0,"comment_status":"closed","ping_status":"closed","template":"","meta":{"footnotes":""},"class_list":["post-7","page","type-page","status-publish","hentry"],"_links":{"self":[{"href":"https:\/\/www.landal.sk\/index.php\/wp-json\/wp\/v2\/pages\/7","targetHints":{"allow":["GET"]}}],"collection":[{"href":"https:\/\/www.landal.sk\/index.php\/wp-json\/wp\/v2\/pages"}],"about":[{"href":"https:\/\/www.landal.sk\/index.php\/wp-json\/wp\/v2\/types\/page"}],"author":[{"embeddable":true,"href":"https:\/\/www.landal.sk\/index.php\/wp-json\/wp\/v2\/users\/1"}],"replies":[{"embeddable":true,"href":"https:\/\/www.landal.sk\/index.php\/wp-json\/wp\/v2\/comments?post=7"}],"version-history":[{"count":94,"href":"https:\/\/www.landal.sk\/index.php\/wp-json\/wp\/v2\/pages\/7\/revisions"}],"predecessor-version":[{"id":1488,"href":"https:\/\/www.landal.sk\/index.php\/wp-json\/wp\/v2\/pages\/7\/revisions\/1488"}],"wp:attachment":[{"href":"https:\/\/www.landal.sk\/index.php\/wp-json\/wp\/v2\/media?parent=7"}],"curies":[{"name":"wp","href":"https:\/\/api.w.org\/{rel}","templated":true}]}}