{"id":61,"date":"2018-06-06T16:49:04","date_gmt":"2018-06-06T14:49:04","guid":{"rendered":"http:\/\/wordpress.landal.sk\/?page_id=61"},"modified":"2020-06-02T20:31:07","modified_gmt":"2020-06-02T18:31:07","slug":"predaj","status":"publish","type":"page","link":"https:\/\/www.landal.sk\/index.php\/predaj\/","title":{"rendered":"Predaj"},"content":{"rendered":"\t\t<div data-elementor-type=\"wp-post\" data-elementor-id=\"61\" class=\"elementor elementor-61 elementor-bc-flex-widget\">\n\t\t\t\t\t\t<section class=\"elementor-section elementor-top-section elementor-element elementor-element-4a86982d elementor-section-content-top elementor-section-boxed elementor-section-height-default elementor-section-height-default\" data-id=\"4a86982d\" data-element_type=\"section\" data-e-type=\"section\">\n\t\t\t\t\t\t<div class=\"elementor-container elementor-column-gap-default\">\n\t\t\t\t\t<div class=\"elementor-column elementor-col-33 elementor-top-column elementor-element elementor-element-3df16bf\" data-id=\"3df16bf\" data-element_type=\"column\" data-e-type=\"column\">\n\t\t\t<div class=\"elementor-widget-wrap elementor-element-populated\">\n\t\t\t\t\t\t<div class=\"elementor-element elementor-element-0501b5f elementor-position-top elementor-widget elementor-widget-image-box\" data-id=\"0501b5f\" data-element_type=\"widget\" data-e-type=\"widget\" data-widget_type=\"image-box.default\">\n\t\t\t\t<div class=\"elementor-widget-container\">\n\t\t\t\t\t<div class=\"elementor-image-box-wrapper\"><figure class=\"elementor-image-box-img\"><a href=\"index.php\/Vistarini\/\" tabindex=\"-1\"><img decoding=\"async\" width=\"150\" height=\"150\" src=\"https:\/\/www.landal.sk\/wp-content\/uploads\/2018\/07\/Martelli-idraulici-VHX-150x150.png\" class=\"elementor-animation-grow attachment-thumbnail size-thumbnail wp-image-508\" alt=\"\" srcset=\"https:\/\/www.landal.sk\/wp-content\/uploads\/2018\/07\/Martelli-idraulici-VHX-150x150.png 150w, https:\/\/www.landal.sk\/wp-content\/uploads\/2018\/07\/Martelli-idraulici-VHX-100x100.png 100w\" sizes=\"(max-width: 150px) 100vw, 150px\" \/><\/a><\/figure><div class=\"elementor-image-box-content\"><h5 class=\"elementor-image-box-title\"><a href=\"index.php\/Vistarini\/\">Demola\u010dn\u00e9 kladiv\u00e1<\/a><\/h5><p class=\"elementor-image-box-description\">Hydraulick\u00e9 kladiv\u00e1 pre v\u0161etky typy nosi\u010dov.<\/p><\/div><\/div>\t\t\t\t<\/div>\n\t\t\t\t<\/div>\n\t\t\t\t\t<\/div>\n\t\t<\/div>\n\t\t\t\t<div class=\"elementor-column elementor-col-33 elementor-top-column elementor-element elementor-element-22867ad\" data-id=\"22867ad\" data-element_type=\"column\" data-e-type=\"column\">\n\t\t\t<div class=\"elementor-widget-wrap elementor-element-populated\">\n\t\t\t\t\t\t<div class=\"elementor-element elementor-element-a734b98 elementor-position-top elementor-widget elementor-widget-image-box\" data-id=\"a734b98\" data-element_type=\"widget\" data-e-type=\"widget\" data-widget_type=\"image-box.default\">\n\t\t\t\t<div class=\"elementor-widget-container\">\n\t\t\t\t\t<div class=\"elementor-image-box-wrapper\"><figure class=\"elementor-image-box-img\"><a href=\"index.php\/demolacne_klieste\" tabindex=\"-1\"><img fetchpriority=\"high\" decoding=\"async\" width=\"300\" height=\"214\" src=\"https:\/\/www.landal.sk\/wp-content\/uploads\/2018\/07\/frant-rp-300x214.jpg\" class=\"elementor-animation-grow attachment-medium size-medium wp-image-595\" alt=\"\" srcset=\"https:\/\/www.landal.sk\/wp-content\/uploads\/2018\/07\/frant-rp-300x214.jpg 300w, https:\/\/www.landal.sk\/wp-content\/uploads\/2018\/07\/frant-rp.jpg 700w\" sizes=\"(max-width: 300px) 100vw, 300px\" \/><\/a><\/figure><div class=\"elementor-image-box-content\"><h5 class=\"elementor-image-box-title\"><a href=\"index.php\/demolacne_klieste\">Demola\u010dn\u00e9 klie\u0161te<\/a><\/h5><\/div><\/div>\t\t\t\t<\/div>\n\t\t\t\t<\/div>\n\t\t\t\t\t<\/div>\n\t\t<\/div>\n\t\t\t\t<div class=\"elementor-column elementor-col-33 elementor-top-column elementor-element elementor-element-6f6ff277\" data-id=\"6f6ff277\" data-element_type=\"column\" data-e-type=\"column\">\n\t\t\t<div class=\"elementor-widget-wrap elementor-element-populated\">\n\t\t\t\t\t\t<div class=\"elementor-element elementor-element-72c4ef63 elementor-position-top elementor-widget elementor-widget-image-box\" data-id=\"72c4ef63\" data-element_type=\"widget\" data-e-type=\"widget\" data-widget_type=\"image-box.default\">\n\t\t\t\t<div class=\"elementor-widget-container\">\n\t\t\t\t\t<div class=\"elementor-image-box-wrapper\"><figure class=\"elementor-image-box-img\"><a href=\"\/index.php\/predaj\/najazdove-rampy-metalmec\/\" tabindex=\"-1\"><img decoding=\"async\" width=\"300\" height=\"225\" src=\"https:\/\/www.landal.sk\/wp-content\/uploads\/2018\/11\/m140_jpg_600_450_cover_70-300x225.jpg\" class=\"elementor-animation-grow attachment-medium size-medium wp-image-914\" alt=\"\" srcset=\"https:\/\/www.landal.sk\/wp-content\/uploads\/2018\/11\/m140_jpg_600_450_cover_70-300x225.jpg 300w, https:\/\/www.landal.sk\/wp-content\/uploads\/2018\/11\/m140_jpg_600_450_cover_70.jpg 600w\" sizes=\"(max-width: 300px) 100vw, 300px\" \/><\/a><\/figure><div class=\"elementor-image-box-content\"><h5 class=\"elementor-image-box-title\"><a href=\"\/index.php\/predaj\/najazdove-rampy-metalmec\/\">N\u00e1jazdov\u00e9 rampy<\/a><\/h5><p class=\"elementor-image-box-description\">N\u00e1jazdov\u00e9 rampy pre stavebn\u00fa mechaniz\u00e1ciu, po\u013enohospod\u00e1rstvo...<\/p><\/div><\/div>\t\t\t\t<\/div>\n\t\t\t\t<\/div>\n\t\t\t\t\t<\/div>\n\t\t<\/div>\n\t\t\t\t\t<\/div>\n\t\t<\/section>\n\t\t\t\t<section class=\"elementor-section elementor-top-section elementor-element elementor-element-2600d75 elementor-section-content-top elementor-section-boxed elementor-section-height-default elementor-section-height-default\" data-id=\"2600d75\" data-element_type=\"section\" data-e-type=\"section\">\n\t\t\t\t\t\t<div class=\"elementor-container elementor-column-gap-default\">\n\t\t\t\t\t<div class=\"elementor-column elementor-col-33 elementor-top-column elementor-element elementor-element-67fc769d\" data-id=\"67fc769d\" data-element_type=\"column\" data-e-type=\"column\">\n\t\t\t<div class=\"elementor-widget-wrap elementor-element-populated\">\n\t\t\t\t\t\t<div class=\"elementor-element elementor-element-57261dc5 elementor-position-top elementor-widget elementor-widget-image-box\" data-id=\"57261dc5\" data-element_type=\"widget\" data-e-type=\"widget\" data-widget_type=\"image-box.default\">\n\t\t\t\t<div class=\"elementor-widget-container\">\n\t\t\t\t\t<div class=\"elementor-image-box-wrapper\"><figure class=\"elementor-image-box-img\"><a href=\"index.php\/gumene-pasy\/\" tabindex=\"-1\"><img loading=\"lazy\" decoding=\"async\" width=\"300\" height=\"237\" src=\"https:\/\/www.landal.sk\/wp-content\/uploads\/2018\/06\/cingolo_completo_minitop-300x237.png\" class=\"elementor-animation-grow attachment-medium size-medium wp-image-142\" alt=\"\" srcset=\"https:\/\/www.landal.sk\/wp-content\/uploads\/2018\/06\/cingolo_completo_minitop-300x237.png 300w, https:\/\/www.landal.sk\/wp-content\/uploads\/2018\/06\/cingolo_completo_minitop-768x608.png 768w, https:\/\/www.landal.sk\/wp-content\/uploads\/2018\/06\/cingolo_completo_minitop.png 800w\" sizes=\"(max-width: 300px) 100vw, 300px\" \/><\/a><\/figure><div class=\"elementor-image-box-content\"><h5 class=\"elementor-image-box-title\"><a href=\"index.php\/gumene-pasy\/\">Gumen\u00e9 p\u00e1sy<\/a><\/h5><p class=\"elementor-image-box-description\">- pre minir\u00fdpadl\u00e1, dumpre, \u0161mykom riaden\u00e9 naklada\u010de...<\/p><\/div><\/div>\t\t\t\t<\/div>\n\t\t\t\t<\/div>\n\t\t\t\t\t<\/div>\n\t\t<\/div>\n\t\t\t\t<div class=\"elementor-column elementor-col-33 elementor-top-column elementor-element elementor-element-6c1d184\" data-id=\"6c1d184\" data-element_type=\"column\" data-e-type=\"column\">\n\t\t\t<div class=\"elementor-widget-wrap elementor-element-populated\">\n\t\t\t\t\t\t<div class=\"elementor-element elementor-element-8301a49 elementor-position-top elementor-widget elementor-widget-image-box\" data-id=\"8301a49\" data-element_type=\"widget\" data-e-type=\"widget\" data-widget_type=\"image-box.default\">\n\t\t\t\t<div class=\"elementor-widget-container\">\n\t\t\t\t\t<div class=\"elementor-image-box-wrapper\"><figure class=\"elementor-image-box-img\"><a href=\"index.php\/nastroje\/\" tabindex=\"-1\"><img loading=\"lazy\" decoding=\"async\" width=\"300\" height=\"179\" src=\"https:\/\/www.landal.sk\/wp-content\/uploads\/2019\/02\/8801101-ATLAS-COPCO-PB-110-300x179.png\" class=\"elementor-animation-grow attachment-medium size-medium wp-image-1317\" alt=\"\" srcset=\"https:\/\/www.landal.sk\/wp-content\/uploads\/2019\/02\/8801101-ATLAS-COPCO-PB-110-300x179.png 300w, https:\/\/www.landal.sk\/wp-content\/uploads\/2019\/02\/8801101-ATLAS-COPCO-PB-110-768x458.png 768w, https:\/\/www.landal.sk\/wp-content\/uploads\/2019\/02\/8801101-ATLAS-COPCO-PB-110.png 1024w\" sizes=\"(max-width: 300px) 100vw, 300px\" \/><\/a><\/figure><div class=\"elementor-image-box-content\"><h5 class=\"elementor-image-box-title\"><a href=\"index.php\/nastroje\/\">N\u00e1stroje pre b\u00faracie kladiv\u00e1 a ru\u010dn\u00e9 n\u00e1stroje<\/a><\/h5><\/div><\/div>\t\t\t\t<\/div>\n\t\t\t\t<\/div>\n\t\t\t\t\t<\/div>\n\t\t<\/div>\n\t\t\t\t<div class=\"elementor-column elementor-col-33 elementor-top-column elementor-element elementor-element-f6da62e\" data-id=\"f6da62e\" data-element_type=\"column\" data-e-type=\"column\">\n\t\t\t<div class=\"elementor-widget-wrap\">\n\t\t\t\t\t\t\t<\/div>\n\t\t<\/div>\n\t\t\t\t\t<\/div>\n\t\t<\/section>\n\t\t\t\t<\/div>\n\t\t","protected":false},"excerpt":{"rendered":"<p>Demola\u010dn\u00e9 kladiv\u00e1 Hydraulick\u00e9 kladiv\u00e1 pre v\u0161etky typy nosi\u010dov. Demola\u010dn\u00e9 klie\u0161te N\u00e1jazdov\u00e9 rampy N\u00e1jazdov\u00e9 rampy pre stavebn\u00fa mechaniz\u00e1ciu, po\u013enohospod\u00e1rstvo&#8230; Gumen\u00e9 p\u00e1sy &#8211; pre minir\u00fdpadl\u00e1, dumpre, \u0161mykom riaden\u00e9 naklada\u010de&#8230; N\u00e1stroje pre b\u00faracie kladiv\u00e1 a ru\u010dn\u00e9 n\u00e1stroje<\/p>\n","protected":false},"author":1,"featured_media":0,"parent":0,"menu_order":0,"comment_status":"closed","ping_status":"closed","template":"","meta":{"footnotes":""},"class_list":["post-61","page","type-page","status-publish","hentry"],"_links":{"self":[{"href":"https:\/\/www.landal.sk\/index.php\/wp-json\/wp\/v2\/pages\/61","targetHints":{"allow":["GET"]}}],"collection":[{"href":"https:\/\/www.landal.sk\/index.php\/wp-json\/wp\/v2\/pages"}],"about":[{"href":"https:\/\/www.landal.sk\/index.php\/wp-json\/wp\/v2\/types\/page"}],"author":[{"embeddable":true,"href":"https:\/\/www.landal.sk\/index.php\/wp-json\/wp\/v2\/users\/1"}],"replies":[{"embeddable":true,"href":"https:\/\/www.landal.sk\/index.php\/wp-json\/wp\/v2\/comments?post=61"}],"version-history":[{"count":27,"href":"https:\/\/www.landal.sk\/index.php\/wp-json\/wp\/v2\/pages\/61\/revisions"}],"predecessor-version":[{"id":1357,"href":"https:\/\/www.landal.sk\/index.php\/wp-json\/wp\/v2\/pages\/61\/revisions\/1357"}],"wp:attachment":[{"href":"https:\/\/www.landal.sk\/index.php\/wp-json\/wp\/v2\/media?parent=61"}],"curies":[{"name":"wp","href":"https:\/\/api.w.org\/{rel}","templated":true}]}}