{"id":1319,"date":"2019-02-19T17:34:51","date_gmt":"2019-02-19T15:34:51","guid":{"rendered":"http:\/\/wordpress.landal.sk\/?page_id=1319"},"modified":"2019-02-19T17:43:24","modified_gmt":"2019-02-19T15:43:24","slug":"nastroje","status":"publish","type":"page","link":"https:\/\/www.landal.sk\/index.php\/nastroje\/","title":{"rendered":"N\u00e1stroje"},"content":{"rendered":"\t\t<div data-elementor-type=\"wp-post\" data-elementor-id=\"1319\" class=\"elementor elementor-1319 elementor-bc-flex-widget\">\n\t\t\t\t\t\t<section class=\"elementor-section elementor-top-section elementor-element elementor-element-2a8fa1a elementor-section-boxed elementor-section-height-default elementor-section-height-default\" data-id=\"2a8fa1a\" data-element_type=\"section\" data-e-type=\"section\">\n\t\t\t\t\t\t<div class=\"elementor-container elementor-column-gap-default\">\n\t\t\t\t\t<div class=\"elementor-column elementor-col-33 elementor-top-column elementor-element elementor-element-d377016\" data-id=\"d377016\" data-element_type=\"column\" data-e-type=\"column\">\n\t\t\t<div class=\"elementor-widget-wrap elementor-element-populated\">\n\t\t\t\t\t\t<div class=\"elementor-element elementor-element-3a11e47 elementor-position-top elementor-widget elementor-widget-image-box\" data-id=\"3a11e47\" data-element_type=\"widget\" data-e-type=\"widget\" data-widget_type=\"image-box.default\">\n\t\t\t\t<div class=\"elementor-widget-container\">\n\t\t\t\t\t<div class=\"elementor-image-box-wrapper\"><figure class=\"elementor-image-box-img\"><a href=\"index.php\/nastroje\/nastroje-pre-hydraulicke-kladiva\/\" tabindex=\"-1\"><img fetchpriority=\"high\" decoding=\"async\" width=\"300\" height=\"179\" src=\"https:\/\/www.landal.sk\/wp-content\/uploads\/2019\/02\/8801101-ATLAS-COPCO-PB-110-300x179.png\" class=\"elementor-animation-grow attachment-medium size-medium wp-image-1317\" alt=\"\" srcset=\"https:\/\/www.landal.sk\/wp-content\/uploads\/2019\/02\/8801101-ATLAS-COPCO-PB-110-300x179.png 300w, https:\/\/www.landal.sk\/wp-content\/uploads\/2019\/02\/8801101-ATLAS-COPCO-PB-110-768x458.png 768w, https:\/\/www.landal.sk\/wp-content\/uploads\/2019\/02\/8801101-ATLAS-COPCO-PB-110.png 1024w\" sizes=\"(max-width: 300px) 100vw, 300px\" \/><\/a><\/figure><div class=\"elementor-image-box-content\"><h5 class=\"elementor-image-box-title\"><a href=\"index.php\/nastroje\/nastroje-pre-hydraulicke-kladiva\/\">Hydraulick\u00e9 n\u00e1stroje<\/a><\/h5><\/div><\/div>\t\t\t\t<\/div>\n\t\t\t\t<\/div>\n\t\t\t\t\t<\/div>\n\t\t<\/div>\n\t\t\t\t<div class=\"elementor-column elementor-col-33 elementor-top-column elementor-element elementor-element-28b7bb8\" data-id=\"28b7bb8\" data-element_type=\"column\" data-e-type=\"column\">\n\t\t\t<div class=\"elementor-widget-wrap elementor-element-populated\">\n\t\t\t\t\t\t<div class=\"elementor-element elementor-element-03e0cf5 elementor-position-top elementor-widget elementor-widget-image-box\" data-id=\"03e0cf5\" data-element_type=\"widget\" data-e-type=\"widget\" data-widget_type=\"image-box.default\">\n\t\t\t\t<div class=\"elementor-widget-container\">\n\t\t\t\t\t<div class=\"elementor-image-box-wrapper\"><figure class=\"elementor-image-box-img\"><a href=\"index.php\/nastroje\/nastroje-pre-elektro-pneumaticke-kladiva\/\" tabindex=\"-1\"><img decoding=\"async\" width=\"300\" height=\"33\" src=\"https:\/\/www.landal.sk\/wp-content\/uploads\/2019\/02\/2332300-300x33.jpg\" class=\"elementor-animation-grow attachment-medium size-medium wp-image-1207\" alt=\"\" srcset=\"https:\/\/www.landal.sk\/wp-content\/uploads\/2019\/02\/2332300-300x33.jpg 300w, https:\/\/www.landal.sk\/wp-content\/uploads\/2019\/02\/2332300-768x84.jpg 768w, https:\/\/www.landal.sk\/wp-content\/uploads\/2019\/02\/2332300.jpg 800w\" sizes=\"(max-width: 300px) 100vw, 300px\" \/><\/a><\/figure><div class=\"elementor-image-box-content\"><h5 class=\"elementor-image-box-title\"><a href=\"index.php\/nastroje\/nastroje-pre-elektro-pneumaticke-kladiva\/\">Elektropneumatick\u00e9 a pneumatick\u00e9 n\u00e1stroje<\/a><\/h5><\/div><\/div>\t\t\t\t<\/div>\n\t\t\t\t<\/div>\n\t\t\t\t\t<\/div>\n\t\t<\/div>\n\t\t\t\t<div class=\"elementor-column elementor-col-33 elementor-top-column elementor-element elementor-element-207614d\" data-id=\"207614d\" data-element_type=\"column\" data-e-type=\"column\">\n\t\t\t<div class=\"elementor-widget-wrap elementor-element-populated\">\n\t\t\t\t\t\t<div class=\"elementor-element elementor-element-2b76acf elementor-position-top elementor-widget elementor-widget-image-box\" data-id=\"2b76acf\" data-element_type=\"widget\" data-e-type=\"widget\" data-widget_type=\"image-box.default\">\n\t\t\t\t<div class=\"elementor-widget-container\">\n\t\t\t\t\t<div class=\"elementor-image-box-wrapper\"><figure class=\"elementor-image-box-img\"><a href=\"index.php\/nastroje\/rucne-nastroje\/\" tabindex=\"-1\"><img decoding=\"async\" width=\"98\" height=\"300\" src=\"https:\/\/www.landal.sk\/wp-content\/uploads\/2019\/02\/100_3808-0100250PVC-orez-www-98x300.jpg\" class=\"elementor-animation-grow attachment-medium size-medium wp-image-1277\" alt=\"\" srcset=\"https:\/\/www.landal.sk\/wp-content\/uploads\/2019\/02\/100_3808-0100250PVC-orez-www-98x300.jpg 98w, https:\/\/www.landal.sk\/wp-content\/uploads\/2019\/02\/100_3808-0100250PVC-orez-www.jpg 150w\" sizes=\"(max-width: 98px) 100vw, 98px\" \/><\/a><\/figure><div class=\"elementor-image-box-content\"><h5 class=\"elementor-image-box-title\"><a href=\"index.php\/nastroje\/rucne-nastroje\/\">Ru\u010dn\u00e9 n\u00e1stroje<\/a><\/h5><\/div><\/div>\t\t\t\t<\/div>\n\t\t\t\t<\/div>\n\t\t\t\t\t<\/div>\n\t\t<\/div>\n\t\t\t\t\t<\/div>\n\t\t<\/section>\n\t\t\t\t<\/div>\n\t\t","protected":false},"excerpt":{"rendered":"<p>Hydraulick\u00e9 n\u00e1stroje Elektropneumatick\u00e9 a pneumatick\u00e9 n\u00e1stroje Ru\u010dn\u00e9 n\u00e1stroje<\/p>\n","protected":false},"author":1,"featured_media":0,"parent":0,"menu_order":0,"comment_status":"closed","ping_status":"closed","template":"","meta":{"footnotes":""},"class_list":["post-1319","page","type-page","status-publish","hentry"],"_links":{"self":[{"href":"https:\/\/www.landal.sk\/index.php\/wp-json\/wp\/v2\/pages\/1319","targetHints":{"allow":["GET"]}}],"collection":[{"href":"https:\/\/www.landal.sk\/index.php\/wp-json\/wp\/v2\/pages"}],"about":[{"href":"https:\/\/www.landal.sk\/index.php\/wp-json\/wp\/v2\/types\/page"}],"author":[{"embeddable":true,"href":"https:\/\/www.landal.sk\/index.php\/wp-json\/wp\/v2\/users\/1"}],"replies":[{"embeddable":true,"href":"https:\/\/www.landal.sk\/index.php\/wp-json\/wp\/v2\/comments?post=1319"}],"version-history":[{"count":2,"href":"https:\/\/www.landal.sk\/index.php\/wp-json\/wp\/v2\/pages\/1319\/revisions"}],"predecessor-version":[{"id":1327,"href":"https:\/\/www.landal.sk\/index.php\/wp-json\/wp\/v2\/pages\/1319\/revisions\/1327"}],"wp:attachment":[{"href":"https:\/\/www.landal.sk\/index.php\/wp-json\/wp\/v2\/media?parent=1319"}],"curies":[{"name":"wp","href":"https:\/\/api.w.org\/{rel}","templated":true}]}}