{"id":1120,"date":"2018-11-20T17:07:50","date_gmt":"2018-11-20T15:07:50","guid":{"rendered":"http:\/\/wordpress.landal.sk\/?page_id=1120"},"modified":"2019-02-19T17:38:56","modified_gmt":"2019-02-19T15:38:56","slug":"rucne-nastroje","status":"publish","type":"page","link":"http:\/\/www.landal.sk\/index.php\/nastroje\/rucne-nastroje\/","title":{"rendered":"Ru\u010dn\u00e9 n\u00e1stroje"},"content":{"rendered":"\t\t<div data-elementor-type=\"wp-post\" data-elementor-id=\"1120\" class=\"elementor elementor-1120 elementor-bc-flex-widget\">\n\t\t\t\t\t\t<section class=\"elementor-section elementor-top-section elementor-element elementor-element-301c0b8 elementor-section-boxed elementor-section-height-default elementor-section-height-default\" data-id=\"301c0b8\" data-element_type=\"section\" data-e-type=\"section\">\n\t\t\t\t\t\t<div class=\"elementor-container elementor-column-gap-default\">\n\t\t\t\t\t<div class=\"elementor-column elementor-col-100 elementor-top-column elementor-element elementor-element-55b2826\" data-id=\"55b2826\" data-element_type=\"column\" data-e-type=\"column\">\n\t\t\t<div class=\"elementor-widget-wrap elementor-element-populated\">\n\t\t\t\t\t\t<div class=\"elementor-element elementor-element-d83f46e elementor-widget elementor-widget-text-editor\" data-id=\"d83f46e\" data-element_type=\"widget\" data-e-type=\"widget\" data-widget_type=\"text-editor.default\">\n\t\t\t\t<div class=\"elementor-widget-container\">\n\t\t\t\t\t\t\t\t\t<p>Ru\u010dn\u00e9 n\u00e1stroje &#8211; sek\u00e1\u010de z\u00e1mo\u010dn\u00edcke, kamen\u00e1rske, p\u00e1ky, p\u00e1\u010didl\u00e1, pajsre, otv\u00e1ra\u010de debn\u00ed, vy\u0165ahova\u010de klincov, sochory a pod..<br \/><br \/>1. Sekacie n\u00e1stroje<br \/>Ru\u010dn\u00e9 sekacie n\u00e1stroje LANDAL s\u00fa vyroben\u00e9 zo \u0161peci\u00e1lnej ocele. \u00daderov\u00e1 hlava n\u00e1stroja je zvl\u00e1\u0161\u0165 tepelne upraven\u00e1, \u010do zaru\u010duje istej\u0161ie a pohodlnej\u0161ie vedenie n\u00e1stroja a podstatne predl\u017euje jeho \u017eivotnos\u0165. Pracovn\u00e1 \u010das\u0165 n\u00e1stroja (klin) je kalen\u00e1 na tvrdo, odol\u00e1va opotrebeniu a podporuje vysok\u00e9 pracovn\u00e9 v\u00fdkony. Pre lep\u0161ie vedenie, ochranu zdravia a pr\u00edjemnej\u0161\u00ed pocit pri pr\u00e1ci s n\u00e1strojom maj\u00fa n\u00e1stroje po celej d\u013a\u017eke povrch upraven\u00fd lakovan\u00edm.<br \/>\u0160tandardne sa ru\u010dn\u00e9 sekacie n\u00e1stroje dod\u00e1vaj\u00fa v \u010diernom lakovan\u00ed. V\u0161etky ru\u010dn\u00e9 sekacie n\u00e1stroje firmy LANDAL s\u00fa na povrchu ozna\u010den\u00e9 bielym ov\u00e1lnym logom LANDAL alebo oran\u017eovou n\u00e1lepkou s \u010diernym logom a n\u00e1pisom EXTRA LANDAL a \u010d\u00edseln\u00fdm k\u00f3dom rozmeru n\u00e1stroja. Sekacie n\u00e1stroje s\u00fa vybaven\u00e9 kart\u00f3nov\u00fdm informa\u010dn\u00fdm blistrom s v\u00fdsekom na euroz\u00e1ves.<br \/><br \/>2. P\u00e1ky, p\u00e1\u010didl\u00e1, pajsre, otv\u00e1ra\u010de, sochory, priebojn\u00edky, jamk\u00e1re, \u0161tiepacie kliny.<br \/>Ru\u010dn\u00e9 n\u00e1stroje LANDAL s\u00fa vyroben\u00e9 z kvalitnej ocele. Aby zaru\u010dovali kvalitu pr\u00e1ce a vysok\u00e9 pracovn\u00e9 v\u00fdkony s\u00fa \u0161peci\u00e1lne tvarovan\u00e9. Pracovn\u00e9 plochy s\u00fa tepelne upravovan\u00e9 a zvl\u00e1\u0161\u0165 prisp\u00f4soben\u00e9 sp\u00f4sobu pou\u017eitia \u010d\u00edm je zaru\u010den\u00e1 dlh\u00e1 \u017eivotnos\u0165 n\u00e1stroja. Pre istej\u0161ie vedenie s\u00fa n\u00e1stroje zvl\u00e1\u0161\u0165 ergonomicky tvarovan\u00e9. Istotu a pohodlnos\u0165 pri pr\u00e1ci a hygienu zaru\u010duje tie\u017e lakovanie po celom povrchu n\u00e1stroja alebo zinkochromov\u00e1 povrchov\u00e1 \u00faprava. \u0160tandardne sa ru\u010dn\u00e9 n\u00e1stroje dod\u00e1vaj\u00fa v \u010diernom lakovan\u00ed alebo zinkochromovej povrchovej \u00faprave. Priebojn\u00edky a jamk\u00e1re sa dod\u00e1vaj\u00fa v zinkochromovej povrchovej \u00faprave. V\u0161etky ru\u010dn\u00e9 n\u00e1stroje firmy LANDAL s\u00fa na povrchu ozna\u010den\u00e9 bielym ov\u00e1lnym logom LANDAL alebo oran\u017eovou n\u00e1lepkou s \u010diernym logom a n\u00e1pisom EXTRA LANDAL a \u010d\u00edseln\u00fdm k\u00f3dom rozmeru n\u00e1stroja alebo nomenklat\u00farnym \u010d\u00edslom.<\/p><p>Pre podrobn\u00fa inform\u00e1ciu n\u00e1s kontaktujte.<\/p><p><span style=\"color: #333333; font-family: 'Libre Franklin', 'Helvetica Neue', helvetica, arial, sans-serif; font-size: 16px; font-style: normal; font-variant-ligatures: normal; font-variant-caps: normal; font-weight: 400; letter-spacing: normal; orphans: 2; text-align: start; text-indent: 0px; text-transform: none; white-space: normal; widows: 2; word-spacing: 0px; -webkit-text-stroke-width: 0px; background-color: #ffffff; text-decoration-style: initial; text-decoration-color: initial; display: inline !important; float: none;\">Pozrite si pros\u00edm n\u00e1\u0161 katal\u00f3g n\u00e1strojov.<br \/><\/span><\/p>\t\t\t\t\t\t\t\t<\/div>\n\t\t\t\t<\/div>\n\t\t\t\t<div class=\"elementor-element elementor-element-188cff0 elementor-widget elementor-widget-shortcode\" data-id=\"188cff0\" data-element_type=\"widget\" data-e-type=\"widget\" data-widget_type=\"shortcode.default\">\n\t\t\t\t<div class=\"elementor-widget-container\">\n\t\t\t\t\t\t\t<div class=\"elementor-shortcode\">  \t<div class=\"pdf-light-viewer js-pdf-light-viewer pdf-light-viewer--theme-light\" \t\tdata-enable-zoom=\"1\"         data-zoom-magnify=\"0\">  \t\t \t\t<div class=\"pdf-light-viewer-magazine-viewport js-pdf-light-viewer-magazine-viewport with-nav-bottom\">  \t\t\t\t\t\t\t<ul class=\"pdf-light-viewer-features-top-panel\"> \t\t\t\t\t      <li>         <a title=\"Fullscreen\" href=\"#!\" class=\"js-pdf-light-viewer-fullscreen\">             <i class=\"icons slicon-size-fullscreen\"><\/i>             <i class=\"icons slicon-size-actual initially-hidden\"><\/i>         <\/a>     <\/li>      <li>         <a class=\"js-pdf-light-viewer-toggle-zoom\" href=\"#!\" title=\"Zoom enabled\">             <i class=\"icons slicon-frame\"><\/i>         <\/a>     <\/li>    \t\t\t\t<\/ul> \t\t\t \t\t\t<div class=\"pdf-light-viewer-magazine-viewport-container\"> \t\t\t\t<div class=\"js-pdf-light-viewer-magazine pdf-light-viewer-magazine\"                     data-max-book-width=\"0\"                     data-max-book-height=\"0\"                     data-limit-fullscreen-book-height=\"0\" \t\t\t\t\tdata-width=\"2479\" \t\t\t\t\tdata-height=\"3508\" \t\t\t\t\tdata-pages-count=\"7\" \t\t\t\t\tdata-page-layout=\"\"                     data-download-page-format=\"\"                     data-theme=\"\"                     data-disable-images-preloading=\"0\"> \t\t\t\t\t\t\t\t\t\t\t<div style=\"background-image:url('http:\/\/www.landal.sk\/wp-content\/plugins\/pdf-light-viewer\/resources\/assets\/img\/lightpaperfibers.png');\"> \t\t\t\t\t\t\t<div class=\"gradient\"><\/div>                                                             <img \t\t\t\t\t\t\t\t\tclass=\"js-pdf-light-viewer-lazy-loading js-pdf-light-viewer-lazy-loading-1 initially-hidden\" \t\t\t\t\t\t\t\t\tsrc=\"http:\/\/www.landal.sk\/wp-content\/plugins\/pdf-light-viewer\/resources\/assets\/img\/lightpaperfibers.png\" \t\t\t\t\t\t\t\t\tdata-original=\"http:\/\/www.landal.sk\/wp-content\/uploads\/pdf-light-viewer\/1261\/page-00001.jpg\" \t\t\t\t\t\t\t\t\twidth=\"100%\" \t\t\t\t\t\t\t\t\theight=\"100%\" \t\t\t\t\t\t\t\t\t\/>                             \t\t\t\t\t\t<\/div> \t\t\t\t\t\t\t\t\t\t\t<div style=\"background-image:url('http:\/\/www.landal.sk\/wp-content\/plugins\/pdf-light-viewer\/resources\/assets\/img\/lightpaperfibers.png');\"> \t\t\t\t\t\t\t<div class=\"gradient\"><\/div>                                                             <img \t\t\t\t\t\t\t\t\tclass=\"js-pdf-light-viewer-lazy-loading js-pdf-light-viewer-lazy-loading-2 initially-hidden\" \t\t\t\t\t\t\t\t\tsrc=\"http:\/\/www.landal.sk\/wp-content\/plugins\/pdf-light-viewer\/resources\/assets\/img\/lightpaperfibers.png\" \t\t\t\t\t\t\t\t\tdata-original=\"http:\/\/www.landal.sk\/wp-content\/uploads\/pdf-light-viewer\/1261\/page-00002.jpg\" \t\t\t\t\t\t\t\t\twidth=\"100%\" \t\t\t\t\t\t\t\t\theight=\"100%\" \t\t\t\t\t\t\t\t\t\/>                             \t\t\t\t\t\t<\/div> \t\t\t\t\t\t\t\t\t\t\t<div style=\"background-image:url('http:\/\/www.landal.sk\/wp-content\/plugins\/pdf-light-viewer\/resources\/assets\/img\/lightpaperfibers.png');\"> \t\t\t\t\t\t\t<div class=\"gradient\"><\/div>                                                             <img \t\t\t\t\t\t\t\t\tclass=\"js-pdf-light-viewer-lazy-loading js-pdf-light-viewer-lazy-loading-3 initially-hidden\" \t\t\t\t\t\t\t\t\tsrc=\"http:\/\/www.landal.sk\/wp-content\/plugins\/pdf-light-viewer\/resources\/assets\/img\/lightpaperfibers.png\" \t\t\t\t\t\t\t\t\tdata-original=\"http:\/\/www.landal.sk\/wp-content\/uploads\/pdf-light-viewer\/1261\/page-00003.jpg\" \t\t\t\t\t\t\t\t\twidth=\"100%\" \t\t\t\t\t\t\t\t\theight=\"100%\" \t\t\t\t\t\t\t\t\t\/>                             \t\t\t\t\t\t<\/div> \t\t\t\t\t\t\t\t\t\t\t<div style=\"background-image:url('http:\/\/www.landal.sk\/wp-content\/plugins\/pdf-light-viewer\/resources\/assets\/img\/lightpaperfibers.png');\"> \t\t\t\t\t\t\t<div class=\"gradient\"><\/div>                                                             <img \t\t\t\t\t\t\t\t\tclass=\"js-pdf-light-viewer-lazy-loading js-pdf-light-viewer-lazy-loading-4 initially-hidden\" \t\t\t\t\t\t\t\t\tsrc=\"http:\/\/www.landal.sk\/wp-content\/plugins\/pdf-light-viewer\/resources\/assets\/img\/lightpaperfibers.png\" \t\t\t\t\t\t\t\t\tdata-original=\"http:\/\/www.landal.sk\/wp-content\/uploads\/pdf-light-viewer\/1261\/page-00004.jpg\" \t\t\t\t\t\t\t\t\twidth=\"100%\" \t\t\t\t\t\t\t\t\theight=\"100%\" \t\t\t\t\t\t\t\t\t\/>                             \t\t\t\t\t\t<\/div> \t\t\t\t\t\t\t\t\t\t\t<div style=\"background-image:url('http:\/\/www.landal.sk\/wp-content\/plugins\/pdf-light-viewer\/resources\/assets\/img\/lightpaperfibers.png');\"> \t\t\t\t\t\t\t<div class=\"gradient\"><\/div>                                                             <img \t\t\t\t\t\t\t\t\tclass=\"js-pdf-light-viewer-lazy-loading js-pdf-light-viewer-lazy-loading-5 initially-hidden\" \t\t\t\t\t\t\t\t\tsrc=\"http:\/\/www.landal.sk\/wp-content\/plugins\/pdf-light-viewer\/resources\/assets\/img\/lightpaperfibers.png\" \t\t\t\t\t\t\t\t\tdata-original=\"http:\/\/www.landal.sk\/wp-content\/uploads\/pdf-light-viewer\/1261\/page-00005.jpg\" \t\t\t\t\t\t\t\t\twidth=\"100%\" \t\t\t\t\t\t\t\t\theight=\"100%\" \t\t\t\t\t\t\t\t\t\/>                             \t\t\t\t\t\t<\/div> \t\t\t\t\t\t\t\t\t\t\t<div style=\"background-image:url('http:\/\/www.landal.sk\/wp-content\/plugins\/pdf-light-viewer\/resources\/assets\/img\/lightpaperfibers.png');\"> \t\t\t\t\t\t\t<div class=\"gradient\"><\/div>                                                             <img \t\t\t\t\t\t\t\t\tclass=\"js-pdf-light-viewer-lazy-loading js-pdf-light-viewer-lazy-loading-6 initially-hidden\" \t\t\t\t\t\t\t\t\tsrc=\"http:\/\/www.landal.sk\/wp-content\/plugins\/pdf-light-viewer\/resources\/assets\/img\/lightpaperfibers.png\" \t\t\t\t\t\t\t\t\tdata-original=\"http:\/\/www.landal.sk\/wp-content\/uploads\/pdf-light-viewer\/1261\/page-00006.jpg\" \t\t\t\t\t\t\t\t\twidth=\"100%\" \t\t\t\t\t\t\t\t\theight=\"100%\" \t\t\t\t\t\t\t\t\t\/>                             \t\t\t\t\t\t<\/div> \t\t\t\t\t\t\t\t\t\t\t<div style=\"background-image:url('http:\/\/www.landal.sk\/wp-content\/plugins\/pdf-light-viewer\/resources\/assets\/img\/lightpaperfibers.png');\"> \t\t\t\t\t\t\t<div class=\"gradient\"><\/div>                                                             <img \t\t\t\t\t\t\t\t\tclass=\"js-pdf-light-viewer-lazy-loading js-pdf-light-viewer-lazy-loading-7 initially-hidden\" \t\t\t\t\t\t\t\t\tsrc=\"http:\/\/www.landal.sk\/wp-content\/plugins\/pdf-light-viewer\/resources\/assets\/img\/lightpaperfibers.png\" \t\t\t\t\t\t\t\t\tdata-original=\"http:\/\/www.landal.sk\/wp-content\/uploads\/pdf-light-viewer\/1261\/page-00007.jpg\" \t\t\t\t\t\t\t\t\twidth=\"100%\" \t\t\t\t\t\t\t\t\theight=\"100%\" \t\t\t\t\t\t\t\t\t\/>                             \t\t\t\t\t\t<\/div> \t\t\t\t\t\t\t\t\t<\/div> \t\t\t<\/div> \t\t<\/div>  \t\t<!-- Thumbnails --> \t\t\t\t\t<div class=\"pdf-light-viewer-magazine-thumbnails js-pdf-light-viewer-magazine-thumbnails\">  \t\t\t\t<div class=\"pdf-light-viewer-features-bottom-panel\"> \t\t\t\t\t<ul>     <li>         <div class=\"i pdf-light-viewer-slide\">             <a href=\"#page\/1\" class=\"page-1 js-page-thumbnail\">                 <img decoding=\"async\"                     src=\"http:\/\/www.landal.sk\/wp-content\/uploads\/pdf-light-viewer\/1261-thumbs\/page-00001-100x76.jpg\"                     alt=\"\"                     \/>             <\/a>             <span>                 1                             <\/span>         <\/div>     <\/li>             <li>             <div class=\"d pdf-light-viewer-slide\">                 <a href=\"#page\/2\" class=\"page-2 js-page-thumbnail\">                     <img decoding=\"async\"                         src=\"http:\/\/www.landal.sk\/wp-content\/uploads\/pdf-light-viewer\/1261-thumbs\/page-00002-100x76.jpg\"                         alt=\"\"                         \/>                 <\/a>                 <a href=\"#page\/3\" class=\"page-3 js-page-thumbnail\">                     <img decoding=\"async\"                         src=\"http:\/\/www.landal.sk\/wp-content\/uploads\/pdf-light-viewer\/1261-thumbs\/page-00003-100x76.jpg\"                         alt=\"\"                         \/>                 <\/a>                 <span>                                          2-3                                     <\/span>             <\/div>         <\/li>             <li>             <div class=\"d pdf-light-viewer-slide\">                 <a href=\"#page\/4\" class=\"page-4 js-page-thumbnail\">                     <img decoding=\"async\"                         src=\"http:\/\/www.landal.sk\/wp-content\/uploads\/pdf-light-viewer\/1261-thumbs\/page-00004-100x76.jpg\"                         alt=\"\"                         \/>                 <\/a>                 <a href=\"#page\/5\" class=\"page-5 js-page-thumbnail\">                     <img decoding=\"async\"                         src=\"http:\/\/www.landal.sk\/wp-content\/uploads\/pdf-light-viewer\/1261-thumbs\/page-00005-100x76.jpg\"                         alt=\"\"                         \/>                 <\/a>                 <span>                                          4-5                                     <\/span>             <\/div>         <\/li>             <li>             <div class=\"d pdf-light-viewer-slide\">                 <a href=\"#page\/6\" class=\"page-6 js-page-thumbnail\">                     <img decoding=\"async\"                         src=\"http:\/\/www.landal.sk\/wp-content\/uploads\/pdf-light-viewer\/1261-thumbs\/page-00006-100x76.jpg\"                         alt=\"\"                         \/>                 <\/a>                 <a href=\"#page\/7\" class=\"page-7 js-page-thumbnail\">                     <img decoding=\"async\"                         src=\"http:\/\/www.landal.sk\/wp-content\/uploads\/pdf-light-viewer\/1261-thumbs\/page-00007-100x76.jpg\"                         alt=\"\"                         \/>                 <\/a>                 <span>                                          6-7                                     <\/span>             <\/div>         <\/li>          <\/ul> \t\t\t\t<\/div>  \t\t\t<\/div> \t\t \t<\/div>  <\/div>\n\t\t\t\t\t\t<\/div>\n\t\t\t\t<\/div>\n\t\t\t\t\t<\/div>\n\t\t<\/div>\n\t\t\t\t\t<\/div>\n\t\t<\/section>\n\t\t\t\t<section class=\"elementor-section elementor-top-section elementor-element elementor-element-060b902 elementor-section-boxed elementor-section-height-default elementor-section-height-default\" data-id=\"060b902\" data-element_type=\"section\" data-e-type=\"section\">\n\t\t\t\t\t\t<div class=\"elementor-container elementor-column-gap-default\">\n\t\t\t\t\t<div class=\"elementor-column elementor-col-100 elementor-top-column elementor-element elementor-element-8d2142f\" data-id=\"8d2142f\" data-element_type=\"column\" data-e-type=\"column\">\n\t\t\t<div class=\"elementor-widget-wrap\">\n\t\t\t\t\t\t\t<\/div>\n\t\t<\/div>\n\t\t\t\t\t<\/div>\n\t\t<\/section>\n\t\t\t\t<section class=\"elementor-section elementor-top-section elementor-element elementor-element-0d7b1bd elementor-section-boxed elementor-section-height-default elementor-section-height-default\" data-id=\"0d7b1bd\" data-element_type=\"section\" data-e-type=\"section\">\n\t\t\t\t\t\t<div class=\"elementor-container elementor-column-gap-default\">\n\t\t\t\t\t<div class=\"elementor-column elementor-col-100 elementor-top-column elementor-element elementor-element-c370d29\" data-id=\"c370d29\" data-element_type=\"column\" data-e-type=\"column\">\n\t\t\t<div class=\"elementor-widget-wrap elementor-element-populated\">\n\t\t\t\t\t\t<div class=\"elementor-element elementor-element-4957398 elementor-widget elementor-widget-image-gallery\" data-id=\"4957398\" data-element_type=\"widget\" data-e-type=\"widget\" data-widget_type=\"image-gallery.default\">\n\t\t\t\t<div class=\"elementor-widget-container\">\n\t\t\t\t\t\t\t<div class=\"elementor-image-gallery\">\n\t\t\t<div id='gallery-1' class='gallery galleryid-1120 gallery-columns-4 gallery-size-medium'><figure class='gallery-item'>\n\t\t\t<div class='gallery-icon portrait'>\n\t\t\t\t<img decoding=\"async\" width=\"31\" height=\"300\" src=\"https:\/\/www.landal.sk\/wp-content\/uploads\/2019\/02\/0700xxx-2-www-31x300.jpg\" class=\"attachment-medium size-medium\" alt=\"\" srcset=\"https:\/\/www.landal.sk\/wp-content\/uploads\/2019\/02\/0700xxx-2-www-31x300.jpg 31w, https:\/\/www.landal.sk\/wp-content\/uploads\/2019\/02\/0700xxx-2-www.jpg 50w\" sizes=\"100vw\" \/>\n\t\t\t<\/div><\/figure><figure class='gallery-item'>\n\t\t\t<div class='gallery-icon portrait'>\n\t\t\t\t<img decoding=\"async\" width=\"37\" height=\"300\" src=\"https:\/\/www.landal.sk\/wp-content\/uploads\/2019\/02\/0100200cn-rub-www-37x300.jpg\" class=\"attachment-medium size-medium\" alt=\"\" sizes=\"100vw\" \/>\n\t\t\t<\/div><\/figure><figure class='gallery-item'>\n\t\t\t<div class='gallery-icon portrait'>\n\t\t\t\t<img decoding=\"async\" width=\"37\" height=\"300\" src=\"https:\/\/www.landal.sk\/wp-content\/uploads\/2019\/02\/0100200cn-www-37x300.jpg\" class=\"attachment-medium size-medium\" alt=\"\" sizes=\"100vw\" \/>\n\t\t\t<\/div><\/figure><figure class='gallery-item'>\n\t\t\t<div class='gallery-icon portrait'>\n\t\t\t\t<img loading=\"lazy\" decoding=\"async\" width=\"63\" height=\"300\" src=\"https:\/\/www.landal.sk\/wp-content\/uploads\/2019\/02\/0100300cn-www-63x300.jpg\" class=\"attachment-medium size-medium\" alt=\"\" srcset=\"https:\/\/www.landal.sk\/wp-content\/uploads\/2019\/02\/0100300cn-www-63x300.jpg 63w, https:\/\/www.landal.sk\/wp-content\/uploads\/2019\/02\/0100300cn-www.jpg 100w\" sizes=\"100vw\" \/>\n\t\t\t<\/div><\/figure><figure class='gallery-item'>\n\t\t\t<div class='gallery-icon portrait'>\n\t\t\t\t<img loading=\"lazy\" decoding=\"async\" width=\"30\" height=\"300\" src=\"https:\/\/www.landal.sk\/wp-content\/uploads\/2019\/02\/0105300-www-30x300.jpg\" class=\"attachment-medium size-medium\" alt=\"\" srcset=\"https:\/\/www.landal.sk\/wp-content\/uploads\/2019\/02\/0105300-www-30x300.jpg 30w, https:\/\/www.landal.sk\/wp-content\/uploads\/2019\/02\/0105300-www.jpg 50w\" sizes=\"100vw\" \/>\n\t\t\t<\/div><\/figure><figure class='gallery-item'>\n\t\t\t<div class='gallery-icon landscape'>\n\t\t\t\t<img loading=\"lazy\" decoding=\"async\" width=\"300\" height=\"86\" src=\"https:\/\/www.landal.sk\/wp-content\/uploads\/2019\/02\/0300300-www-300x86.jpg\" class=\"attachment-medium size-medium\" alt=\"\" srcset=\"https:\/\/www.landal.sk\/wp-content\/uploads\/2019\/02\/0300300-www-300x86.jpg 300w, https:\/\/www.landal.sk\/wp-content\/uploads\/2019\/02\/0300300-www.jpg 524w\" sizes=\"100vw\" \/>\n\t\t\t<\/div><\/figure><figure class='gallery-item'>\n\t\t\t<div class='gallery-icon landscape'>\n\t\t\t\t<img loading=\"lazy\" decoding=\"async\" width=\"300\" height=\"68\" src=\"https:\/\/www.landal.sk\/wp-content\/uploads\/2019\/02\/0320600-www-300x68.jpg\" class=\"attachment-medium size-medium\" alt=\"\" srcset=\"https:\/\/www.landal.sk\/wp-content\/uploads\/2019\/02\/0320600-www-300x68.jpg 300w, https:\/\/www.landal.sk\/wp-content\/uploads\/2019\/02\/0320600-www.jpg 662w\" sizes=\"100vw\" \/>\n\t\t\t<\/div><\/figure><figure class='gallery-item'>\n\t\t\t<div class='gallery-icon landscape'>\n\t\t\t\t<img loading=\"lazy\" decoding=\"async\" width=\"300\" height=\"19\" src=\"https:\/\/www.landal.sk\/wp-content\/uploads\/2019\/02\/0350015-v01-www-300x19.jpg\" class=\"attachment-medium size-medium\" alt=\"\" srcset=\"https:\/\/www.landal.sk\/wp-content\/uploads\/2019\/02\/0350015-v01-www-300x19.jpg 300w, https:\/\/www.landal.sk\/wp-content\/uploads\/2019\/02\/0350015-v01-www-768x49.jpg 768w, https:\/\/www.landal.sk\/wp-content\/uploads\/2019\/02\/0350015-v01-www.jpg 791w\" sizes=\"100vw\" \/>\n\t\t\t<\/div><\/figure><figure class='gallery-item'>\n\t\t\t<div class='gallery-icon portrait'>\n\t\t\t\t<img loading=\"lazy\" decoding=\"async\" width=\"43\" height=\"300\" src=\"https:\/\/www.landal.sk\/wp-content\/uploads\/2019\/02\/0702250-www-43x300.jpg\" class=\"attachment-medium size-medium\" alt=\"\" srcset=\"https:\/\/www.landal.sk\/wp-content\/uploads\/2019\/02\/0702250-www-43x300.jpg 43w, https:\/\/www.landal.sk\/wp-content\/uploads\/2019\/02\/0702250-www.jpg 147w\" sizes=\"100vw\" \/>\n\t\t\t<\/div><\/figure><figure class='gallery-item'>\n\t\t\t<div class='gallery-icon portrait'>\n\t\t\t\t<img loading=\"lazy\" decoding=\"async\" width=\"26\" height=\"300\" src=\"https:\/\/www.landal.sk\/wp-content\/uploads\/2019\/02\/07023001-www-26x300.jpg\" class=\"attachment-medium size-medium\" alt=\"\" sizes=\"100vw\" \/>\n\t\t\t<\/div><\/figure><figure class='gallery-item'>\n\t\t\t<div class='gallery-icon portrait'>\n\t\t\t\t<img loading=\"lazy\" decoding=\"async\" width=\"119\" height=\"300\" src=\"https:\/\/www.landal.sk\/wp-content\/uploads\/2019\/02\/100_3806-0100200PVC-www-119x300.jpg\" class=\"attachment-medium size-medium\" alt=\"\" srcset=\"https:\/\/www.landal.sk\/wp-content\/uploads\/2019\/02\/100_3806-0100200PVC-www-119x300.jpg 119w, https:\/\/www.landal.sk\/wp-content\/uploads\/2019\/02\/100_3806-0100200PVC-www.jpg 150w\" sizes=\"100vw\" \/>\n\t\t\t<\/div><\/figure><figure class='gallery-item'>\n\t\t\t<div class='gallery-icon portrait'>\n\t\t\t\t<img loading=\"lazy\" decoding=\"async\" width=\"98\" height=\"300\" src=\"https:\/\/www.landal.sk\/wp-content\/uploads\/2019\/02\/100_3808-0100250PVC-orez-www-98x300.jpg\" class=\"attachment-medium size-medium\" alt=\"\" srcset=\"https:\/\/www.landal.sk\/wp-content\/uploads\/2019\/02\/100_3808-0100250PVC-orez-www-98x300.jpg 98w, https:\/\/www.landal.sk\/wp-content\/uploads\/2019\/02\/100_3808-0100250PVC-orez-www.jpg 150w\" sizes=\"100vw\" \/>\n\t\t\t<\/div><\/figure><figure class='gallery-item'>\n\t\t\t<div class='gallery-icon portrait'>\n\t\t\t\t<img loading=\"lazy\" decoding=\"async\" width=\"94\" height=\"300\" src=\"https:\/\/www.landal.sk\/wp-content\/uploads\/2019\/02\/100_3810-0702250PVC-www-94x300.jpg\" class=\"attachment-medium size-medium\" alt=\"\" srcset=\"https:\/\/www.landal.sk\/wp-content\/uploads\/2019\/02\/100_3810-0702250PVC-www-94x300.jpg 94w, https:\/\/www.landal.sk\/wp-content\/uploads\/2019\/02\/100_3810-0702250PVC-www.jpg 150w\" sizes=\"100vw\" \/>\n\t\t\t<\/div><\/figure><figure class='gallery-item'>\n\t\t\t<div class='gallery-icon portrait'>\n\t\t\t\t<img loading=\"lazy\" decoding=\"async\" width=\"119\" height=\"300\" src=\"https:\/\/www.landal.sk\/wp-content\/uploads\/2019\/02\/100_3813-0700200PVC-www-119x300.jpg\" class=\"attachment-medium size-medium\" alt=\"\" srcset=\"https:\/\/www.landal.sk\/wp-content\/uploads\/2019\/02\/100_3813-0700200PVC-www-119x300.jpg 119w, https:\/\/www.landal.sk\/wp-content\/uploads\/2019\/02\/100_3813-0700200PVC-www.jpg 150w\" sizes=\"100vw\" \/>\n\t\t\t<\/div><\/figure><figure class='gallery-item'>\n\t\t\t<div class='gallery-icon landscape'>\n\t\t\t\t<img loading=\"lazy\" decoding=\"async\" width=\"300\" height=\"73\" src=\"https:\/\/www.landal.sk\/wp-content\/uploads\/2019\/02\/0320xxx-orez-www-300x73.jpg\" class=\"attachment-medium size-medium\" alt=\"\" srcset=\"https:\/\/www.landal.sk\/wp-content\/uploads\/2019\/02\/0320xxx-orez-www-300x73.jpg 300w, https:\/\/www.landal.sk\/wp-content\/uploads\/2019\/02\/0320xxx-orez-www.jpg 411w\" sizes=\"100vw\" \/>\n\t\t\t<\/div><\/figure>\n\t\t<\/div>\n\t\t<\/div>\n\t\t\t\t\t\t<\/div>\n\t\t\t\t<\/div>\n\t\t\t\t\t<\/div>\n\t\t<\/div>\n\t\t\t\t\t<\/div>\n\t\t<\/section>\n\t\t\t\t<\/div>\n\t\t","protected":false},"excerpt":{"rendered":"<p>Ru\u010dn\u00e9 n\u00e1stroje &#8211; sek\u00e1\u010de z\u00e1mo\u010dn\u00edcke, kamen\u00e1rske, p\u00e1ky, p\u00e1\u010didl\u00e1, pajsre, otv\u00e1ra\u010de debn\u00ed, vy\u0165ahova\u010de klincov, sochory a pod.. 1. Sekacie n\u00e1stroje Ru\u010dn\u00e9 sekacie n\u00e1stroje LANDAL s\u00fa vyroben\u00e9 zo \u0161peci\u00e1lnej ocele. \u00daderov\u00e1 hlava n\u00e1stroja je zvl\u00e1\u0161\u0165 tepelne upraven\u00e1, \u010do zaru\u010duje istej\u0161ie a pohodlnej\u0161ie vedenie n\u00e1stroja a podstatne predl\u017euje jeho \u017eivotnos\u0165. Pracovn\u00e1 \u010das\u0165 n\u00e1stroja (klin) je kalen\u00e1 na tvrdo, &hellip; <\/p>\n<p class=\"link-more\"><a href=\"http:\/\/www.landal.sk\/index.php\/nastroje\/rucne-nastroje\/\" class=\"more-link\">Pokra\u010dova\u0165 v \u010d\u00edtan\u00ed<span class=\"screen-reader-text\"> &#8222;Ru\u010dn\u00e9 n\u00e1stroje&#8220;<\/span><\/a><\/p>\n","protected":false},"author":1,"featured_media":1271,"parent":1319,"menu_order":0,"comment_status":"closed","ping_status":"closed","template":"","meta":{"footnotes":""},"class_list":["post-1120","page","type-page","status-publish","has-post-thumbnail","hentry"],"_links":{"self":[{"href":"http:\/\/www.landal.sk\/index.php\/wp-json\/wp\/v2\/pages\/1120","targetHints":{"allow":["GET"]}}],"collection":[{"href":"http:\/\/www.landal.sk\/index.php\/wp-json\/wp\/v2\/pages"}],"about":[{"href":"http:\/\/www.landal.sk\/index.php\/wp-json\/wp\/v2\/types\/page"}],"author":[{"embeddable":true,"href":"http:\/\/www.landal.sk\/index.php\/wp-json\/wp\/v2\/users\/1"}],"replies":[{"embeddable":true,"href":"http:\/\/www.landal.sk\/index.php\/wp-json\/wp\/v2\/comments?post=1120"}],"version-history":[{"count":17,"href":"http:\/\/www.landal.sk\/index.php\/wp-json\/wp\/v2\/pages\/1120\/revisions"}],"predecessor-version":[{"id":1325,"href":"http:\/\/www.landal.sk\/index.php\/wp-json\/wp\/v2\/pages\/1120\/revisions\/1325"}],"up":[{"embeddable":true,"href":"http:\/\/www.landal.sk\/index.php\/wp-json\/wp\/v2\/pages\/1319"}],"wp:featuredmedia":[{"embeddable":true,"href":"http:\/\/www.landal.sk\/index.php\/wp-json\/wp\/v2\/media\/1271"}],"wp:attachment":[{"href":"http:\/\/www.landal.sk\/index.php\/wp-json\/wp\/v2\/media?parent=1120"}],"curies":[{"name":"wp","href":"https:\/\/api.w.org\/{rel}","templated":true}]}}